7
Let r be (4 - (-7)/(-2))*(0 + 1090). Suppose -6*x + r = -x. List the prime factors of x.
109
Suppose -3 = 3*n - 12. Suppose n*h - 511 = -4*h. What are the prime factors of h?
73
Suppose -s = -2*a - 1 + 10, -2*s = -a - 3. Suppose 0 = -q - 5*d + 68, -5*q - 2*d = -a*d - 460. What are the prime factors of q?
2, 11
Suppose 4 = -t - y - 4, 0 = -2*y - 8. Let x = -4 - -13. What are the prime factors of (x - 0)*(t + 7)?
3
Let v = -1228 + 2705. What are the prime factors of v?
7, 211
Let p = 8 - 17. Let i = 14 + p. Suppose -y - 4 - 1 = 0, -5*b - i*y = -185. What are the prime factors of b?
2, 3, 7
Suppose 20*h = 9*h + 5797. List the prime factors of h.
17, 31
Let v(l) = -163*l**3 - 2*l**2 - 15*l - 25. List the prime factors of v(-3).
7, 17, 37
Let b(u) = -2*u**2 - 15 + 7 - u + 3*u**2. Let q be b(-5). Suppose 3*h = -m + 103, -h + q = 4*m - 5. What are the prime factors of h?
5, 7
Let c be 0 - (-3)/(-6)*-6. Suppose c*y = -0*y + 69. Let j = y + -15. List the prime factors of j.
2
Let n = 5057 - 266. What are the prime factors of n?
3, 1597
Let a(j) = 31*j**2 - 40*j + 365. List the prime factors of a(10).
5, 613
Let l = 4744 - 3323. What are the prime factors of l?
7, 29
Let o(b) = -7*b**3 + 3*b**2 - 10*b - 35. What are the prime factors of o(-6)?
5, 7, 47
Let w = -3 - -5. Suppose -4*g = -2*i - 268, w*i + i + 126 = 2*g. What are the prime factors of g?
3, 23
Suppose 0 = 3*s - 5*k - 862, -5*k - 1141 = -4*s - 0*s. List the prime factors of s.
3, 31
Let f(a) be the first derivative of -a**3 + 11*a**2/2 + 2*a + 9. Let p be f(-8). What are the prime factors of 5/25 - p/10?
2, 7
Let x = -393 + 408. What are the prime factors of x?
3, 5
Let i be (90/50)/((-1)/(-5)). Let b = i - -69. List the prime factors of b.
2, 3, 13
Let p(y) = -10*y - 2*y - 77 + 53. List the prime factors of p(-12).
2, 3, 5
Suppose -x = 5, -3*v + 6*v - 58 = 2*x. List the prime factors of 40/v*(-86)/(-5).
43
Let r(b) = b**3 - 8*b**2 + 7*b + 10. Let p be r(7). Suppose -v - 10 - p = 0. Let c = v + 47. What are the prime factors of c?
3
Suppose f = -5*g + 1230, 3*f = -4*g - 2*f + 963. What are the prime factors of g?
13, 19
Let m(z) be the first derivative of 59*z**5/120 - z**4/12 - 11*z**3/3 - 3. Let l(f) be the third derivative of m(f). List the prime factors of l(1).
3, 19
What are the prime factors of (248/10)/(10/475 + 0)?
2, 19, 31
Suppose -75*j + 216109 = 81859. What are the prime factors of j?
2, 5, 179
Let i = -459 + 963. What are the prime factors of (1 - 12/15) + i/30?
17
Suppose -3*a = -38 + 14. List the prime factors of (58/8)/(a/64).
2, 29
Suppose 0 = 4*s + 215 - 227. Suppose f - s*m = 248, -2*m - 2*m - 12 = 0. What are the prime factors of f?
239
Let j be -1 - (4 + -5) - 80. Let o be (-4)/14 + j/(-35). What are the prime factors of 2 + (4 - (0 + o))?
2
Suppose -v = 4, 0 = -3*n - 0*v - 3*v + 144. List the prime factors of (-2 - -3)*(n - 1).
3, 17
Let w(g) = 31*g**3 + 3*g**2 + g + 2. Let i be w(3). Let c = -620 + i. List the prime factors of c.
3, 83
Let b be 35/(-10)*(-184)/14. Let c = 99 - b. List the prime factors of c.
53
Let y(o) = -4*o - 21. Suppose -5*k + 14 - 69 = 0. Let v be y(k). Let c = -18 + v. What are the prime factors of c?
5
Let o(m) = -2*m + 1 - 4 + 4 + 15. Let h be o(7). What are the prime factors of 19 - -10 - 8/h?
5
Let z(u) = -63*u**2 - 4*u + 1. Let y(r) = -188*r**2 - 11*r + 3. Let p(n) = -4*y(n) + 11*z(n). List the prime factors of p(-1).
2, 29
Let c(i) = -3*i + 14. Let x be c(-6). What are the prime factors of ((-8)/5)/(x/(-1520))?
2, 19
Suppose 3*f + h + 2*h - 1065 = 0, -2*f + 4*h + 728 = 0. Let b = -179 + f. List the prime factors of b.
179
Let b(x) = x**3 + 11*x**2 + 10*x + 11. Let q be b(-10). Let i(k) = -9 + 25*k - q*k + 17*k**2 + k**3 + 1. List the prime factors of i(-16).
2, 3
Let d = 1299 - 917. What are the prime factors of d?
2, 191
Let u(b) = -b**3 - 7*b**2 - 8*b - 8. Let j(p) = 7*p + 1. Let r be (-3)/(1 + 2)*1. Let f be j(r). List the prime factors of u(f).
2
Let p(j) = -j**2 + 11*j - 13. Let m be p(10). Let d(i) = -4*i**2 + 2*i. Let q be d(m). Let o = q - -65. List the prime factors of o.
23
What are the prime factors of (-14)/(-21) - 624/(-9)?
2, 5, 7
Let k be (2 - -1)/(27/36). Suppose k*f + 1674 = 6*f. List the prime factors of f/12 - 2/(-8).
2, 5, 7
Suppose 2*u + 82 - 580 = 0. Let w be ((-15)/(-10)*1)/((-2)/(-4)). Suppose 0 = w*m + m + 5*r - u, -2*r - 270 = -5*m. What are the prime factors of m?
2, 7
Let p(d) = -26*d - 156. What are the prime factors of p(-8)?
2, 13
Suppose d = 5*d. Suppose -17 = -o - d. Suppose -b - o = -50. What are the prime factors of b?
3, 11
Let z = -989 - -1892. List the prime factors of z.
3, 7, 43
Let x = -73 + 517. What are the prime factors of x?
2, 3, 37
Let w be 245/3 - (-4)/12. Suppose 2*c = -0*c + 3*k + 50, -4*c = 3*k - w. Suppose 0 = 5*i - 8 - c. What are the prime factors of i?
2, 3
Let f(c) = 11*c**2 + 19*c - 199. List the prime factors of f(12).
1613
Suppose 17*u - 21*u = 480. Let b = u + 226. List the prime factors of b.
2, 53
Let r = 23 - 19. Suppose 2*u - r*q + q - 92 = 0, -57 = -u - 4*q. List the prime factors of u.
7
Let w(d) = 15*d - 13. Let o be w(9). Suppose -6*i + 4*i = 3*p - 130, 0 = 3*p + 4*i - o. List the prime factors of p.
2, 23
Suppose -60 = 3*u - u - 4*w, -2*w = -10. Let g be (u/(-8))/(3/6). Suppose -g*n - 5*s + 33 = -317, 0 = -3*n + 2*s + 190. What are the prime factors of n?
2, 3, 11
Suppose -5*x = -3*x - 134. List the prime factors of x.
67
Suppose -233 - 106 = -g. Suppose -4*z + o + 4*o = -g, -4*z + 2*o + 330 = 0. List the prime factors of z.
3
Let g be 20/6*(-162)/(-108). Let n = 126 - 75. Suppose 5*a + 266 = g*c + n, 5*a = c - 59. What are the prime factors of c?
3, 13
Let i(r) = 5*r + r**3 - 3*r**2 + 3 + 0*r**3 + 11*r**2 + 0*r**3. What are the prime factors of i(-3)?
3, 11
Suppose 4*c = 4*y + 481 + 307, 4*c + 4*y = 812. List the prime factors of c.
2, 5
Suppose 0 = 15*j - 30*j + 33285. What are the prime factors of j?
7, 317
Let d be 2*(-4)/(-8) + -1. Let m be ((-12)/(-3))/8 - 398/(-4). Suppose -5*r - w + m = d, -r + 0*w + 1 = 4*w. List the prime factors of r.
3, 7
List the prime factors of (6678/(-35))/((20/25)/(-2)).
3, 53
Let i(x) = 322*x**3 + 8*x**2 - 8*x - 8. Let c(j) = -107*j**3 - 3*j**2 + 3*j + 3. Let n(o) = -11*c(o) - 4*i(o). List the prime factors of n(-1).
2, 7
Let n(c) = 114*c + 118. What are the prime factors of n(4)?
2, 7, 41
Let v(n) = -n - 5. Let z = -23 - -15. Let u be v(z). List the prime factors of u + (-30)/9*-12.
43
Let i(x) = 17*x**2 + 5*x - 9. What are the prime factors of i(-5)?
17, 23
Let i(s) = -s**3 - 6*s**2 - 4*s - 4. Suppose 4*k + 36 = -4*u, 3*k + 2*k + 57 = u. Let b = k + 5. What are the prime factors of i(b)?
2, 5
Let l(n) = 8*n - 4. Let p be l(1). Suppose 0 = -4*k + 4*w + 120, k + 0*w - 45 = p*w. What are the prime factors of k?
5
Suppose 0*s = -2*s + 6. Suppose -3*r - 71 = -s*x + 55, -x - 3*r = -62. Let t = 80 - x. List the prime factors of t.
3, 11
Let p be (-4)/20 + (-77)/(-35). Suppose -g = 4*r - 40, r = -p*r + 12. List the prime factors of g.
2, 3
Suppose -2*h + 71 = -49. Let x(q) = q - 5. Let t be x(7). Suppose t*u - h = -3*u. What are the prime factors of u?
2, 3
Let q be 15*(-1 - 8/(-6)). Suppose -61 = q*f - 4*m, -5*f + m = -0*m + 49. Let a = f - -24. List the prime factors of a.
3, 5
Let p = -282 - -636. What are the prime factors of p?
2, 3, 59
Let t be 17/(2/(4 + 0)). Suppose 7*x - t = 6*x. List the prime factors of x.
2, 17
Suppose -4*s - 538 = -9*i + 6*i, i - 175 = -3*s. What are the prime factors of i?
2, 89
Suppose 1988 = n - 2*w, 4*n - 636 = -w + 7298. What are the prime factors of n?
2, 31
Let t(c) be the first derivative of c**3/3 - 3*c**2/2 - 5*c - 5. Let w be t(-9). Suppose 3 - w = -4*a. List the prime factors of a.
5
Let g(k) = -1 + 77*k**2 + 2 - 26*k**2. List the prime factors of g(1).
2, 13
Let w(o) = 3*o**2 + 19*o - 27. Let g(b) = 2*b**2 + 10*b - 13. Let l(n) = 5*g(n) - 3*w(n). List the prime factors of l(9).
2, 17
Let k be (-2)/(16/(-60))*(-200)/(-12). Let c = k - 105. What are the prime factors of c?
2, 5
Suppose 3*d + 9 - 2 = 5*n, 3*n - 3*d = 3. Let u(a) = a**3 - 7*a**2 + 3*a + 8. Let f be u(7). Suppose 0 = n*b - 7 - f. What are the prime factors of b?
2, 3
Let d be (39/(-2))/((-33)/3476). Suppose -18*m = -5*m - d. List the 